{"id":511,"date":"2025-11-09T21:40:52","date_gmt":"2025-11-09T21:40:52","guid":{"rendered":"https:\/\/metaflextransport.com\/?page_id=511"},"modified":"2025-11-09T22:09:34","modified_gmt":"2025-11-09T22:09:34","slug":"devis","status":"publish","type":"page","link":"https:\/\/metaflextransport.com\/index.php\/devis\/","title":{"rendered":"devis"},"content":{"rendered":"\t\t<div data-elementor-type=\"wp-page\" data-elementor-id=\"511\" class=\"elementor elementor-511\">\n\t\t\t\t<div class=\"elementor-element elementor-element-518c83d e-flex e-con-boxed e-con e-parent\" data-id=\"518c83d\" data-element_type=\"container\" data-e-type=\"container\">\n\t\t\t\t\t<div class=\"e-con-inner\">\n\t\t<div class=\"elementor-element elementor-element-632b921 e-con-full e-flex e-con e-child\" data-id=\"632b921\" data-element_type=\"container\" data-e-type=\"container\">\n\t\t\t\t<\/div>\n\t\t\t\t\t<\/div>\n\t\t\t\t<\/div>\n\t\t<div class=\"elementor-element elementor-element-c7705a3 e-flex e-con-boxed e-con e-parent\" data-id=\"c7705a3\" data-element_type=\"container\" data-e-type=\"container\">\n\t\t\t\t\t<div class=\"e-con-inner\">\n\t\t<div class=\"elementor-element elementor-element-0c392da e-con-full e-flex e-con e-child\" data-id=\"0c392da\" data-element_type=\"container\" data-e-type=\"container\">\n\t\t\t\t<div class=\"elementor-element elementor-element-238febd elementor-widget elementor-widget-heading\" data-id=\"238febd\" data-element_type=\"widget\" data-e-type=\"widget\" data-widget_type=\"heading.default\">\n\t\t\t\t\t<h2 class=\"elementor-heading-title elementor-size-default\">devis<\/h2>\t\t\t\t<\/div>\n\t\t<div class=\"elementor-element elementor-element-e15a5f0 e-con-full e-flex e-con e-child\" data-id=\"e15a5f0\" data-element_type=\"container\" data-e-type=\"container\">\n\t\t\t\t<div class=\"elementor-element elementor-element-f7636d8 elementor-widget elementor-widget-heading\" data-id=\"f7636d8\" data-element_type=\"widget\" data-e-type=\"widget\" data-widget_type=\"heading.default\">\n\t\t\t\t\t<h2 class=\"elementor-heading-title elementor-size-default\">information du contact  &amp;<\/h2>\t\t\t\t<\/div>\n\t\t\t\t<div class=\"elementor-element elementor-element-e3f4b74 elementor-widget elementor-widget-heading\" data-id=\"e3f4b74\" data-element_type=\"widget\" data-e-type=\"widget\" data-widget_type=\"heading.default\">\n\t\t\t\t\t<h2 class=\"elementor-heading-title elementor-size-default\">D\u00e9tails du transport <\/h2>\t\t\t\t<\/div>\n\t\t\t\t<\/div>\n\t\t\t\t<\/div>\n\t\t\t\t\t<\/div>\n\t\t\t\t<\/div>\n\t\t<div class=\"elementor-element elementor-element-2979dc3 e-flex e-con-boxed e-con e-parent\" data-id=\"2979dc3\" data-element_type=\"container\" data-e-type=\"container\">\n\t\t\t\t\t<div class=\"e-con-inner\">\n\t\t<div class=\"elementor-element elementor-element-0fe4a48 e-con-full e-flex e-con e-child\" data-id=\"0fe4a48\" data-element_type=\"container\" data-e-type=\"container\">\n\t\t\t\t<\/div>\n\t\t\t\t\t<\/div>\n\t\t\t\t<\/div>\n\t\t<div class=\"elementor-element elementor-element-5ad91bc e-flex e-con-boxed e-con e-parent\" data-id=\"5ad91bc\" data-element_type=\"container\" data-e-type=\"container\">\n\t\t\t\t\t<div class=\"e-con-inner\">\n\t\t<div class=\"elementor-element elementor-element-1666de8 e-con-full e-flex e-con e-child\" data-id=\"1666de8\" data-element_type=\"container\" data-e-type=\"container\">\n\t\t\t\t<div class=\"elementor-element elementor-element-dbf2c40 elementor-widget elementor-widget-formidable\" data-id=\"dbf2c40\" data-element_type=\"widget\" data-e-type=\"widget\" data-widget_type=\"formidable.default\">\n\t\t\t\t<div class=\"elementor-widget-container\">\n\t\t\t\t\t<div class=\"frm_forms  with_frm_style frm_style_style-formidable\" id=\"frm_form_4_container\" data-token=\"17a31561cf3273069ef9e6b8ffb81552\">\n<form enctype=\"multipart\/form-data\" method=\"post\" class=\"frm-show-form \" id=\"form_form2\" data-token=\"17a31561cf3273069ef9e6b8ffb81552\">\n<div class=\"frm_form_fields \">\n<fieldset>\n<legend class=\"frm_screen_reader\">form2<\/legend>\n\n<div class=\"frm_fields_container\">\n<input type=\"hidden\" name=\"frm_action\" value=\"create\" \/>\n<input type=\"hidden\" name=\"form_id\" value=\"4\" \/>\n<input type=\"hidden\" name=\"frm_hide_fields_4\" id=\"frm_hide_fields_4\" value=\"\" \/>\n<input type=\"hidden\" name=\"form_key\" value=\"form2\" \/>\n<input type=\"hidden\" name=\"item_meta[0]\" value=\"\" \/>\n<input type=\"hidden\" id=\"frm_submit_entry_4\" name=\"frm_submit_entry_4\" value=\"fa4ea39691\" \/><input type=\"hidden\" name=\"_wp_http_referer\" value=\"\/index.php\/wp-json\/wp\/v2\/pages\/511\" \/><div id=\"frm_field_25_container\" class=\"frm_form_field form-field  frm_required_field frm_top_container frm_half\">\n\t<label for=\"field_10ctk\" id=\"field_10ctk_label\" class=\"frm_primary_label\">nom pr\u00e9nom\/soci\u00e9t\u00e9\n\t\t<span class=\"frm_required\" aria-hidden=\"true\">*<\/span>\n\t<\/label>\n\t<input type=\"text\" id=\"field_10ctk\" name=\"item_meta[25]\" value=\"\"  data-reqmsg=\"nom pr\u00e9nom\/soci\u00e9t\u00e9 ne peut pas \u00eatre vide.\" aria-required=\"true\" data-invmsg=\"nom pr\u00e9nom\/soci\u00e9t\u00e9 est non valide\" aria-invalid=\"false\"  \/>\n\t\n\t\n<\/div>\n<div id=\"frm_field_26_container\" class=\"frm_form_field form-field  frm_required_field frm_top_container frm_half\">\n\t<label for=\"field_gryo3\" id=\"field_gryo3_label\" class=\"frm_primary_label\">T\u00e9l\u00e9phone\n\t\t<span class=\"frm_required\" aria-hidden=\"true\">*<\/span>\n\t<\/label>\n\t<input type=\"text\" id=\"field_gryo3\" name=\"item_meta[26]\" value=\"\"  data-reqmsg=\"T\u00e9l\u00e9phone ne peut pas \u00eatre vide.\" aria-required=\"true\" data-invmsg=\"T\u00e9l\u00e9phone est non valide\" aria-invalid=\"false\"  \/>\n\t\n\t\n<\/div>\n<div id=\"frm_field_27_container\" class=\"frm_form_field form-field  frm_required_field frm_top_container frm_half\">\n\t<label for=\"field_b1foj\" id=\"field_b1foj_label\" class=\"frm_primary_label\">e-mail\n\t\t<span class=\"frm_required\" aria-hidden=\"true\">*<\/span>\n\t<\/label>\n\t<input type=\"text\" id=\"field_b1foj\" name=\"item_meta[27]\" value=\"\"  data-reqmsg=\"e-mail ne peut pas \u00eatre vide.\" aria-required=\"true\" data-invmsg=\"e-mail est non valide\" aria-invalid=\"false\"  \/>\n\t\n\t\n<\/div>\n<div id=\"frm_field_28_container\" class=\"frm_form_field form-field  frm_required_field frm_top_container frm_half\">\n\t<label for=\"field_ioucu\" id=\"field_ioucu_label\" class=\"frm_primary_label\">Ville \/ Pays\n\t\t<span class=\"frm_required\" aria-hidden=\"true\">*<\/span>\n\t<\/label>\n\t<input type=\"text\" id=\"field_ioucu\" name=\"item_meta[28]\" value=\"\"  data-reqmsg=\"Ville \/ Pays ne peut pas \u00eatre vide.\" aria-required=\"true\" data-invmsg=\"Ville \/ Pays est non valide\" aria-invalid=\"false\"  \/>\n\t\n\t\n<\/div>\n<div id=\"frm_field_29_container\" class=\"frm_form_field form-field  frm_required_field frm_top_container frm12 frm_first\">\n\t<label for=\"field_6rhbs\" id=\"field_6rhbs_label\" class=\"frm_primary_label\">Type de service souhait\u00e9 (national, international, express, etc.)\n\t\t<span class=\"frm_required\" aria-hidden=\"true\">*<\/span>\n\t<\/label>\n\t<input type=\"text\" id=\"field_6rhbs\" name=\"item_meta[29]\" value=\"\"  data-reqmsg=\"Type de service souhait\u00e9 (national, international, express, etc.) ne peut pas \u00eatre vide.\" aria-required=\"true\" data-invmsg=\"Type de service souhait\u00e9 (national, international, express, etc.) est non valide\" aria-invalid=\"false\"  \/>\n\t\n\t\n<\/div>\n<div id=\"frm_field_30_container\" class=\"frm_form_field form-field  frm_required_field frm_top_container frm12 frm_first\">\n\t<label for=\"field_p5si\" id=\"field_p5si_label\" class=\"frm_primary_label\">Poids total (en kg ou tonnes)\n\t\t<span class=\"frm_required\" aria-hidden=\"true\">*<\/span>\n\t<\/label>\n\t<input type=\"text\" id=\"field_p5si\" name=\"item_meta[30]\" value=\"\"  data-reqmsg=\"Poids total (en kg ou tonnes) ne peut pas \u00eatre vide.\" aria-required=\"true\" data-invmsg=\"Poids total (en kg ou tonnes) est non valide\" aria-invalid=\"false\"  \/>\n\t\n\t\n<\/div>\n<div id=\"frm_field_31_container\" class=\"frm_form_field form-field  frm_required_field frm_top_container\">\n\t<label for=\"field_96jij\" id=\"field_96jij_label\" class=\"frm_primary_label\">Volume estim\u00e9 (en m\u00b3 ou palettes)\n\t\t<span class=\"frm_required\" aria-hidden=\"true\">*<\/span>\n\t<\/label>\n\t<input type=\"text\" id=\"field_96jij\" name=\"item_meta[31]\" value=\"\"  data-reqmsg=\"Volume estim\u00e9 (en m\u00b3 ou palettes) ne peut pas \u00eatre vide.\" aria-required=\"true\" data-invmsg=\"Volume estim\u00e9 (en m\u00b3 ou palettes) est non valide\" aria-invalid=\"false\"  \/>\n\t\n\t\n<\/div>\n<div id=\"frm_field_32_container\" class=\"frm_form_field form-field  frm_required_field frm_top_container\">\n\t<label for=\"field_jqbxt\" id=\"field_jqbxt_label\" class=\"frm_primary_label\">Lieu d\u2019enl\u00e8vement\n\t\t<span class=\"frm_required\" aria-hidden=\"true\">*<\/span>\n\t<\/label>\n\t<input type=\"text\" id=\"field_jqbxt\" name=\"item_meta[32]\" value=\"\"  data-reqmsg=\"Lieu d\u2019enl\u00e8vement ne peut pas \u00eatre vide.\" aria-required=\"true\" data-invmsg=\"Lieu d\u2019enl\u00e8vement est non valide\" aria-invalid=\"false\"  \/>\n\t\n\t\n<\/div>\n<div id=\"frm_field_33_container\" class=\"frm_form_field form-field  frm_required_field frm_top_container\">\n\t<label for=\"field_q6ufe\" id=\"field_q6ufe_label\" class=\"frm_primary_label\">Lieu de livraison\n\t\t<span class=\"frm_required\" aria-hidden=\"true\">*<\/span>\n\t<\/label>\n\t<input type=\"text\" id=\"field_q6ufe\" name=\"item_meta[33]\" value=\"\"  data-reqmsg=\"Lieu de livraison ne peut pas \u00eatre vide.\" aria-required=\"true\" data-invmsg=\"Lieu de livraison est non valide\" aria-invalid=\"false\"  \/>\n\t\n\t\n<\/div>\n<div id=\"frm_field_34_container\" class=\"frm_form_field form-field  frm_required_field frm_top_container\">\n\t<label for=\"field_u2kus\" id=\"field_u2kus_label\" class=\"frm_primary_label\">Date souhait\u00e9e d\u2019exp\u00e9dition\n\t\t<span class=\"frm_required\" aria-hidden=\"true\">*<\/span>\n\t<\/label>\n\t<input type=\"text\" id=\"field_u2kus\" name=\"item_meta[34]\" value=\"\"  data-reqmsg=\"Date souhait\u00e9e d\u2019exp\u00e9dition ne peut pas \u00eatre vide.\" aria-required=\"true\" data-invmsg=\"Date souhait\u00e9e d\u2019exp\u00e9dition est non valide\" aria-invalid=\"false\"  \/>\n\t\n\t\n<\/div>\n<div id=\"frm_field_24_container\" class=\"frm_form_field form-field \">\n\t<div class=\"frm_submit frm_flex\">\n<button class=\"frm_button_submit\" type=\"submit\"  >Envoyer<\/button>\n\n\n\n<\/div>\n<\/div>\n\t<input type=\"hidden\" name=\"item_key\" value=\"\" \/>\n\t\t\t<div id=\"frm_field_39_container\">\n\t\t\t<label for=\"field_ggrhx\" >\n\t\t\t\tSi vous \u00eates un humain, ne remplissez pas ce champ.\t\t\t<\/label>\n\t\t\t<input  id=\"field_ggrhx\" type=\"text\" class=\"frm_form_field form-field frm_verify\" name=\"item_meta[39]\" value=\"\"  \/>\n\t\t<\/div>\n\t\t<input name=\"frm_state\" type=\"hidden\" value=\"lfOD5lFy050LFC8ECEfIMG1RjteVQPudaMCOkNU\/Mhc=\" \/><\/div>\n<\/fieldset>\n<\/div>\n\n<\/form>\n<\/div>\n\t\t\t\t<\/div>\n\t\t\t\t<\/div>\n\t\t\t\t<\/div>\n\t\t\t\t\t<\/div>\n\t\t\t\t<\/div>\n\t\t<div class=\"elementor-element elementor-element-f6b5718 e-flex e-con-boxed e-con e-parent\" data-id=\"f6b5718\" data-element_type=\"container\" data-e-type=\"container\">\n\t\t\t\t\t<div class=\"e-con-inner\">\n\t\t<div class=\"elementor-element elementor-element-a6a398d e-con-full e-flex e-con e-child\" data-id=\"a6a398d\" data-element_type=\"container\" data-e-type=\"container\">\n\t\t\t\t<\/div>\n\t\t\t\t\t<\/div>\n\t\t\t\t<\/div>\n\t\t\t\t<\/div>\n\t\t","protected":false},"excerpt":{"rendered":"<p>devis information du contact &amp; D\u00e9tails du transport form2 nom pr\u00e9nom\/soci\u00e9t\u00e9 * T\u00e9l\u00e9phone * e-mail * Ville \/ Pays * Type de service souhait\u00e9 (national, international, express, etc.) * Poids total (en kg ou tonnes) * Volume estim\u00e9 (en m\u00b3 ou palettes) * Lieu d\u2019enl\u00e8vement * Lieu de livraison * Date souhait\u00e9e d\u2019exp\u00e9dition * Envoyer [&hellip;]<\/p>\n","protected":false},"author":1,"featured_media":0,"parent":0,"menu_order":0,"comment_status":"closed","ping_status":"closed","template":"","meta":{"footnotes":""},"class_list":["post-511","page","type-page","status-publish","hentry","entry"],"_links":{"self":[{"href":"https:\/\/metaflextransport.com\/index.php\/wp-json\/wp\/v2\/pages\/511","targetHints":{"allow":["GET"]}}],"collection":[{"href":"https:\/\/metaflextransport.com\/index.php\/wp-json\/wp\/v2\/pages"}],"about":[{"href":"https:\/\/metaflextransport.com\/index.php\/wp-json\/wp\/v2\/types\/page"}],"author":[{"embeddable":true,"href":"https:\/\/metaflextransport.com\/index.php\/wp-json\/wp\/v2\/users\/1"}],"replies":[{"embeddable":true,"href":"https:\/\/metaflextransport.com\/index.php\/wp-json\/wp\/v2\/comments?post=511"}],"version-history":[{"count":7,"href":"https:\/\/metaflextransport.com\/index.php\/wp-json\/wp\/v2\/pages\/511\/revisions"}],"predecessor-version":[{"id":521,"href":"https:\/\/metaflextransport.com\/index.php\/wp-json\/wp\/v2\/pages\/511\/revisions\/521"}],"wp:attachment":[{"href":"https:\/\/metaflextransport.com\/index.php\/wp-json\/wp\/v2\/media?parent=511"}],"curies":[{"name":"wp","href":"https:\/\/api.w.org\/{rel}","templated":true}]}}