{"id":636,"date":"2025-11-18T15:33:07","date_gmt":"2025-11-18T15:33:07","guid":{"rendered":"https:\/\/metaflextransport.com\/?page_id=636"},"modified":"2025-12-29T16:12:16","modified_gmt":"2025-12-29T16:12:16","slug":"tr-exp","status":"publish","type":"page","link":"https:\/\/metaflextransport.com\/index.php\/tr-exp\/","title":{"rendered":"transport express"},"content":{"rendered":"\t\t<div data-elementor-type=\"wp-page\" data-elementor-id=\"636\" class=\"elementor elementor-636\">\n\t\t\t\t<div class=\"elementor-element elementor-element-6655769 e-flex e-con-boxed e-con e-parent\" data-id=\"6655769\" data-element_type=\"container\" data-e-type=\"container\">\n\t\t\t\t\t<div class=\"e-con-inner\">\n\t\t<div class=\"elementor-element elementor-element-3c72b4e e-con-full e-flex e-con e-child\" data-id=\"3c72b4e\" data-element_type=\"container\" data-e-type=\"container\">\n\t\t\t\t<div class=\"elementor-element elementor-element-9490dd0 elementor-widget elementor-widget-heading\" data-id=\"9490dd0\" data-element_type=\"widget\" data-e-type=\"widget\" data-widget_type=\"heading.default\">\n\t\t\t\t\t<h2 class=\"elementor-heading-title elementor-size-default\">TRANSPORT EXPRESS<\/h2>\t\t\t\t<\/div>\n\t\t\t\t<\/div>\n\t\t\t\t\t<\/div>\n\t\t\t\t<\/div>\n\t\t<div class=\"elementor-element elementor-element-60f5c23 e-flex e-con-boxed e-con e-parent\" data-id=\"60f5c23\" data-element_type=\"container\" data-e-type=\"container\">\n\t\t\t\t\t<div class=\"e-con-inner\">\n\t\t<div class=\"elementor-element elementor-element-bab51e3 e-con-full e-flex e-con e-child\" data-id=\"bab51e3\" data-element_type=\"container\" data-e-type=\"container\">\n\t\t<div class=\"elementor-element elementor-element-5624162 e-con-full e-flex e-con e-child\" data-id=\"5624162\" data-element_type=\"container\" data-e-type=\"container\">\n\t\t\t\t<div class=\"elementor-element elementor-element-7946c52 elementor-widget elementor-widget-heading\" data-id=\"7946c52\" data-element_type=\"widget\" data-e-type=\"widget\" data-widget_type=\"heading.default\">\n\t\t\t\t\t<h2 class=\"elementor-heading-title elementor-size-default\">\ud83d\ude80 TRANSPORT EXPRESS-<\/h2>\t\t\t\t<\/div>\n\t\t\t\t<div class=\"elementor-element elementor-element-4a400ac elementor-widget elementor-widget-heading\" data-id=\"4a400ac\" data-element_type=\"widget\" data-e-type=\"widget\" data-widget_type=\"heading.default\">\n\t\t\t\t\t<h2 class=\"elementor-heading-title elementor-size-default\">\ud83d\udfe6 Livraison rapide en 24h<\/h2>\t\t\t\t<\/div>\n\t\t\t\t<div class=\"elementor-element elementor-element-25813e2 elementor-widget elementor-widget-text-editor\" data-id=\"25813e2\" data-element_type=\"widget\" data-e-type=\"widget\" data-widget_type=\"text-editor.default\">\n\t\t\t\t\t\t\t\t\t<p data-start=\"5160\" data-end=\"5325\">Le transport express repose sur une cha\u00eene logistique optimis\u00e9e de bout en bout. Chaque \u00e9tape est contr\u00f4l\u00e9e afin de garantir rapidit\u00e9 et s\u00e9curit\u00e9.<\/p><p data-start=\"5327\" data-end=\"5341\">Points forts :<\/p><ul data-start=\"5342\" data-end=\"5437\"><li data-start=\"5342\" data-end=\"5359\"><p data-start=\"5344\" data-end=\"5359\">Livraison J+1<\/p><\/li><li data-start=\"5360\" data-end=\"5381\"><p data-start=\"5362\" data-end=\"5381\">Priorit\u00e9 maximale<\/p><\/li><li data-start=\"5382\" data-end=\"5409\"><p data-start=\"5384\" data-end=\"5409\">Suivi GPS en temps r\u00e9el<\/p><\/li><li data-start=\"5410\" data-end=\"5437\"><p data-start=\"5412\" data-end=\"5437\">Communication proactive<\/p><\/li><\/ul><p data-start=\"5439\" data-end=\"5531\">Ce service est particuli\u00e8rement adapt\u00e9 aux secteurs industriels, m\u00e9dicaux et technologiques.<\/p><p data-start=\"2468\" data-end=\"2642\">.<\/p>\t\t\t\t\t\t\t\t<\/div>\n\t\t\t\t<\/div>\n\t\t<div class=\"elementor-element elementor-element-c792415 e-con-full e-flex e-con e-child\" data-id=\"c792415\" data-element_type=\"container\" data-e-type=\"container\">\n\t\t\t\t<div class=\"elementor-element elementor-element-6d297d1 elementor-widget elementor-widget-heading\" data-id=\"6d297d1\" data-element_type=\"widget\" data-e-type=\"widget\" data-widget_type=\"heading.default\">\n\t\t\t\t\t<h2 class=\"elementor-heading-title elementor-size-default\">\n\ud83d\udfe6 Performance<\/h2>\t\t\t\t<\/div>\n\t\t\t\t<div class=\"elementor-element elementor-element-7804f5a elementor-widget elementor-widget-heading\" data-id=\"7804f5a\" data-element_type=\"widget\" data-e-type=\"widget\" data-widget_type=\"heading.default\">\n\t\t\t\t\t<h2 class=\"elementor-heading-title elementor-size-default\">Une performance maximale<\/h2>\t\t\t\t<\/div>\n\t\t\t\t<div class=\"elementor-element elementor-element-d4963f8 elementor-widget elementor-widget-text-editor\" data-id=\"d4963f8\" data-element_type=\"widget\" data-e-type=\"widget\" data-widget_type=\"text-editor.default\">\n\t\t\t\t\t\t\t\t\t<p data-start=\"5160\" data-end=\"5325\">Le transport express repose sur une cha\u00eene logistique optimis\u00e9e de bout en bout. Chaque \u00e9tape est contr\u00f4l\u00e9e afin de garantir rapidit\u00e9 et s\u00e9curit\u00e9.<\/p><p data-start=\"5327\" data-end=\"5341\">Points forts :<\/p><ul data-start=\"5342\" data-end=\"5437\"><li data-start=\"5342\" data-end=\"5359\"><p data-start=\"5344\" data-end=\"5359\">Livraison J+1<\/p><\/li><li data-start=\"5360\" data-end=\"5381\"><p data-start=\"5362\" data-end=\"5381\">Priorit\u00e9 maximale<\/p><\/li><li data-start=\"5382\" data-end=\"5409\"><p data-start=\"5384\" data-end=\"5409\">Suivi GPS en temps r\u00e9el<\/p><\/li><li data-start=\"5410\" data-end=\"5437\"><p data-start=\"5412\" data-end=\"5437\">Communication proactive<\/p><\/li><\/ul><p data-start=\"5439\" data-end=\"5531\">Ce service est particuli\u00e8rement adapt\u00e9 aux secteurs industriels, m\u00e9dicaux et technologiques.<\/p><p data-start=\"2468\" data-end=\"2642\">.<\/p>\t\t\t\t\t\t\t\t<\/div>\n\t\t\t\t<\/div>\n\t\t\t\t<\/div>\n\t\t\t\t\t<\/div>\n\t\t\t\t<\/div>\n\t\t<div class=\"elementor-element elementor-element-6971f8b e-flex e-con-boxed e-con e-parent\" data-id=\"6971f8b\" data-element_type=\"container\" data-e-type=\"container\">\n\t\t\t\t\t<div class=\"e-con-inner\">\n\t\t<div class=\"elementor-element elementor-element-12da4ef e-con-full e-flex e-con e-child\" data-id=\"12da4ef\" data-element_type=\"container\" data-e-type=\"container\">\n\t\t<div class=\"elementor-element elementor-element-7d48d0d e-con-full e-flex e-con e-child\" data-id=\"7d48d0d\" data-element_type=\"container\" data-e-type=\"container\">\n\t\t<div class=\"elementor-element elementor-element-8dfc59c e-con-full e-flex e-con e-child\" data-id=\"8dfc59c\" data-element_type=\"container\" data-e-type=\"container\" data-settings=\"{&quot;background_background&quot;:&quot;classic&quot;}\">\n\t\t<div class=\"elementor-element elementor-element-5253d34 e-con-full e-flex e-con e-child\" data-id=\"5253d34\" data-element_type=\"container\" data-e-type=\"container\">\n\t\t\t\t<div class=\"elementor-element elementor-element-0c9f9da elementor-widget elementor-widget-heading\" data-id=\"0c9f9da\" data-element_type=\"widget\" data-e-type=\"widget\" data-widget_type=\"heading.default\">\n\t\t\t\t\t<h2 class=\"elementor-heading-title elementor-size-default\"><a href=\"https:\/\/metaflextransport.com\/index.php\/tr-stan\/\">transport standard<\/a><\/h2>\t\t\t\t<\/div>\n\t\t\t\t<\/div>\n\t\t<div class=\"elementor-element elementor-element-f772e95 e-con-full e-flex e-con e-child\" data-id=\"f772e95\" data-element_type=\"container\" data-e-type=\"container\">\n\t\t\t\t<div class=\"elementor-element elementor-element-21a86bb elementor-widget elementor-widget-heading\" data-id=\"21a86bb\" data-element_type=\"widget\" data-e-type=\"widget\" data-widget_type=\"heading.default\">\n\t\t\t\t\t<h2 class=\"elementor-heading-title elementor-size-default\"><a href=\"https:\/\/metaflextransport.com\/index.php\/tr-urg\/\">transport urgent<\/a><\/h2>\t\t\t\t<\/div>\n\t\t\t\t<\/div>\n\t\t<div class=\"elementor-element elementor-element-de42ee1 e-con-full e-flex e-con e-child\" data-id=\"de42ee1\" data-element_type=\"container\" data-e-type=\"container\">\n\t\t\t\t<div class=\"elementor-element elementor-element-4b311b6 elementor-widget elementor-widget-heading\" data-id=\"4b311b6\" data-element_type=\"widget\" data-e-type=\"widget\" data-widget_type=\"heading.default\">\n\t\t\t\t\t<h2 class=\"elementor-heading-title elementor-size-default\"><a href=\"https:\/\/metaflextransport.com\/index.php\/trans\/\">transport <\/a><\/h2>\t\t\t\t<\/div>\n\t\t\t\t<\/div>\n\t\t\t\t<\/div>\n\t\t\t\t<\/div>\n\t\t\t\t<\/div>\n\t\t\t\t\t<\/div>\n\t\t\t\t<\/div>\n\t\t\t\t<\/div>\n\t\t","protected":false},"excerpt":{"rendered":"<p>TRANSPORT EXPRESS \ud83d\ude80 TRANSPORT EXPRESS- \ud83d\udfe6 Livraison rapide en 24h Le transport express repose sur une cha\u00eene logistique optimis\u00e9e de bout en bout. Chaque \u00e9tape est contr\u00f4l\u00e9e afin de garantir rapidit\u00e9 et s\u00e9curit\u00e9. Points forts : Livraison J+1 Priorit\u00e9 maximale Suivi GPS en temps r\u00e9el Communication proactive Ce service est particuli\u00e8rement adapt\u00e9 aux secteurs industriels, [&hellip;]<\/p>\n","protected":false},"author":1,"featured_media":0,"parent":0,"menu_order":0,"comment_status":"closed","ping_status":"closed","template":"","meta":{"footnotes":""},"class_list":["post-636","page","type-page","status-publish","hentry","entry"],"_links":{"self":[{"href":"https:\/\/metaflextransport.com\/index.php\/wp-json\/wp\/v2\/pages\/636","targetHints":{"allow":["GET"]}}],"collection":[{"href":"https:\/\/metaflextransport.com\/index.php\/wp-json\/wp\/v2\/pages"}],"about":[{"href":"https:\/\/metaflextransport.com\/index.php\/wp-json\/wp\/v2\/types\/page"}],"author":[{"embeddable":true,"href":"https:\/\/metaflextransport.com\/index.php\/wp-json\/wp\/v2\/users\/1"}],"replies":[{"embeddable":true,"href":"https:\/\/metaflextransport.com\/index.php\/wp-json\/wp\/v2\/comments?post=636"}],"version-history":[{"count":20,"href":"https:\/\/metaflextransport.com\/index.php\/wp-json\/wp\/v2\/pages\/636\/revisions"}],"predecessor-version":[{"id":797,"href":"https:\/\/metaflextransport.com\/index.php\/wp-json\/wp\/v2\/pages\/636\/revisions\/797"}],"wp:attachment":[{"href":"https:\/\/metaflextransport.com\/index.php\/wp-json\/wp\/v2\/media?parent=636"}],"curies":[{"name":"wp","href":"https:\/\/api.w.org\/{rel}","templated":true}]}}